be -2 + 3 + -4 - 0. What is the remainder when -6*(21 + -3)/k is divided by 19?
17
Let r be (-5)/4 + 30/(-40). Calculate the remainder when -2*1/r + 6 is divided by 4.
3
Suppose -25 + 60 = 5*x. Let w be (-4)/18 - (-358)/(-9). Let o = -27 - w. Calculate the remainder when o is divided by x.
6
Let m = -21 - -40. Calculate the remainder when ((-74)/(-6)*-1)/((-38)/114) is divided by (m/2)/((-3)/(-6)).
18
Let h = -6 + 47. Calculate the remainder when h is divided by 21.
20
Suppose -67 - 5 = -o - 3*g, -3*g + 243 = 4*o. Let l = -20 + 40. Calculate the remainder when o is divided by l.
17
Suppose 0*x - 37 = -3*x + 5*m, 2*x - 58 = -5*m. Suppose -25 - x = -2*k. Calculate the remainder when 65 is divided by k.
21
Suppose 12 = 2*j - 3*g, 0 = -3*j - 0*j - 3*g + 33. Let a = -17 + j. What is the remainder when 25 is divided by a/(-12) - 37/(-3)?
12
Let r = 1 + -1. Suppose j - 7 = -r*j. Suppose m - 4*m = -36. Calculate the remainder when m is divided by j.
5
Suppose -3*f + 19 = -2*b - 4, 0 = -b + 5. Let d = f + 10. Calculate the remainder when d is divided by 12.
9
Let o(z) = z**2 - 4*z. Let d be o(5). Suppose 2*p + p - 52 = -2*k, d*p = 5*k + 70. What is the remainder when 47 is divided by p?
15
Suppose -6*r - 98 = -20. Suppose -s = 4*k + s + 178, 4*k + 169 = s. Let v = r - k. Calculate the remainder when v is divided by 16.
14
Let u(v) = -3*v - 10. Let x be u(-7). Let n(w) = 3*w - 15. Calculate the remainder when 52 is divided by n(x).
16
Let n(c) = c**3 - 3*c**2 - 2*c - 2. Suppose -6*m - 2*d = -m - 106, 3*m - 4*d = 74. Calculate the remainder when m is divided by n(4).
4
Let w = 9 + -48. Let a = 61 + w. What is the remainder when 107 is divided by a?
19
Let t(j) = 2*j**2 + j**2 - 3*j - 1 - j**2 + 0*j**2. Let s be t(3). Let x = s - 7. Calculate the remainder when 1 is divided by x.
0
Let d = -61 - -88. Calculate the remainder when d is divided by 6.
3
Suppose -3*h = -8 - 37. Let w be (-9)/h + 399/15. Suppose 4*g - 10 = w. What is the remainder when 25 is divided by g?
7
Let u be 1*3/(6/14). Let b = 21 - u. Calculate the remainder when 26 is divided by b.
12
Suppose 5*v - 113 - 182 = 0. Calculate the remainder when v is divided by 15.
14
Suppose 4 = -2*y + 4*y. Let n be (y + 10/(-4))*-14. Let f(u) = -u**3 + 7*u**2 + 5*u + 6. What is the remainder when f(n) is divided by 14?
13
Let k = -64 + 42. Suppose 4*l = -l - 55. Let w = l - k. What is the remainder when 20 is divided by w?
9
Suppose 4*a + 11 + 21 = 0. Suppose -2*d = -2*h + 18, 5*h + 3*d - 3 = 42. What is the remainder when h is divided by 4*((-2)/a - -1)?
4
Let r be 8/24 + (-146)/6. Let p = 2 + -2. Calculate the remainder when 28 is divided by p - 2 - r/2.
8
Suppose 0 = 2*p + 2 - 58. Let w(o) = -o**2 + 7*o + 3. What is the remainder when p is divided by w(3)?
13
Calculate the remainder when (2 + -39)*4/(-2) is divided by 1/4 - (-75)/4.
17
Let w(c) = -c + 6. Let n be w(4). Suppose 37 = 5*p + 3*m - 26, n*p - 10 = -5*m. Calculate the remainder when 58 is divided by p.
13
Suppose 4*l = 2*l + 10, -5*l = -m - 43. What is the remainder when -2 - (m + 0 + -1) is divided by 9?
8
Suppose 3*o - 3 = 2*o. Suppose x = 4, 0 = 2*j - o*x + 8 - 0. What is the remainder when 5 is divided by -1 + j - (-4)/2?
2
Suppose 3*c - 3*m - 51 = 0, 4*c - 5*c = 5*m - 41. Calculate the remainder when 103 is divided by c.
19
Suppose k - 20 = -k. Let x = k + -5. Suppose 0*a + 5*h = 2*a, -4*h = -x*a + 34. Calculate the remainder when 18 is divided by a.
8
Let j = -54 + 64. What is the remainder when 24 is divided by j?
4
Let s = 14 - 3. Let u = s + 11. Calculate the remainder when 64 is divided by u.
20
Let k(l) = 2*l**3 + 4*l**2 + 2*l - 2. Let p be k(-2). Let b(q) = q**2 + q. Calculate the remainder when (4/p)/((-3)/99) is divided by b(-4).
10
Suppose -3*s + 5 = 2*n, 2*s - 1 = -n - 0*n. Let o = -5 + n. Suppose -4*y + 68 = -o*y. What is the remainder when y is divided by 12?
10
Suppose -4*u = -3*m + 10, -77 = -4*m - u - 32. Suppose 3 = -a + 9. What is the remainder when m is divided by a?
4
Let v = 29 - 17. Calculate the remainder when 46 is divided by (v/3)/(2/8).
14
Suppose 2*p = 4*p - 5*j - 44, 2*p - 2*j = 32. Suppose -4*i = -2*b - p, -4*b - b = 4*i - 26. Calculate the remainder when (-291)/(-27) - 2/(-9) is divided by i.
3
Suppose -4 = 2*g + 2*z, -8 = -2*g + 5*z - z. Suppose g = 4*a - 0*a - 36. What is the remainder when 55 is divided by ((-28)/3)/((-6)/a)?
13
Let y be 844/(-14) - (-12)/42. Let c = y - -142. Calculate the remainder when c is divided by 28.
26
Calculate the remainder when 2/3 + (-93)/(-9) is divided by 4.
3
Suppose -2*x - x = 15, -3*u - 4*x = -1. Let f(t) = -3*t**2 - 2*t + 2. Let g be f(-2). Let i = 12 - g. What is the remainder when i is divided by u?
4
Let s = -16 + 27. Calculate the remainder when s is divided by 4.
3
Let c be 1*2/2 - 38. Let a = c + 65. Suppose 4*z - 3*s = 45, -3*z - z + 75 = 3*s. Calculate the remainder when a is divided by z.
13
What is the remainder when 41 is divided by 153/21 + (-6)/21?
6
Calculate the remainder when 49 is divided by (-2)/(-8) + (-612)/(-48).
10
Suppose -2*t - 64 = -4*t - 2*h, 0 = t + 5*h - 36. What is the remainder when 89 is divided by t?
27
Suppose 5*m - 25 = -3*c, 0 = -3*m + 3*c - 1 - 8. Suppose y - m*v = 2*v + 27, 5*y - 60 = 5*v. What is the remainder when 26 is divided by y?
5
Calculate the remainder when 62 is divided by 18/(2 - 0) + -5.
2
Let j = 5 + -7. Calculate the remainder when (2/2 + 1)*1 is divided by (j - 10/(-4))*2.
0
Let t(l) = -7*l**2 - 2*l**3 + 7*l + 6 + 0*l**3 + l**3. Suppose -a - 8 = h, 4*h + h = -4*a - 40. What is the remainder when 40 is divided by t(h)?
12
Suppose 2*t - 5*j = -3*j + 46, -5*t + 131 = -j. What is the remainder when t is divided by 14?
13
Let b(t) = t**3 + 12*t**2 - 2*t - 10. What is the remainder when b(-12) is divided by 6?
2
Suppose 5*s + 17 = -r, 5*s + 0*s = 3*r - 9. Suppose -4*k - b = 6, -k - 12 = k - 4*b. Calculate the remainder when k/r*(3 - 2) is divided by 1.
0
Let l be 1 - (-2 - (0 - 0)). Suppose 3*x = l + 3. What is the remainder when x is divided by 2?
0
Let y be -2 - 2*(-2 - 0). Let p(q) = q**2 + 3*q - 1. What is the remainder when 15 + 4 + y/(-1) is divided by p(2)?
8
Suppose -5*a + 80 = -a. What is the remainder when 28 is divided by a?
8
What is the remainder when 23 is divided by 36*(-4)/(-64)*4?
5
Let r = -4 - -7. Suppose r*x - 84 = -0*x. Calculate the remainder when x is divided by 10.
8
Suppose 41 = -h + 43. Let s = -4 + 5. Let t = 2 - s. Calculate the remainder when h is divided by t.
0
Suppose 0 = -2*s - 0*s - 4. Let l be 1 - (-1)/(1 + s). Suppose -2*p + 4*p - 6 = l. What is the remainder when 7 is divided by p?
1
Let i(f) = f**3 - 5*f**2 - 6*f + 3. Let d be i(6). Suppose 3*n = d*u + 27, 0*u - 48 = -5*n + 4*u. What is the remainder when 35 is divided by n?
11
Suppose -4*r + 2 = -6. Suppose 0 = 5*t + 3*m + r*m, m = -4*t + 12. Calculate the remainder when 5 is divided by t.
1
Let l = 14 + 5. Suppose -5*d + 90 + 75 = 5*i, 0 = -d - 3*i + 39. Suppose 4*h + d = 2*s, h + 0*h = -5*s + 31. Calculate the remainder when l is divided by s.
5
Let o be (-2)/3 + (-2)/(-3). Suppose o = 5*m + 2*f + 3*f + 30, 0 = 5*m - f. Calculate the remainder when 18 - (-1 + 1 + m) is divided by 7.
5
What is the remainder when 364/8 - (-2)/(-4) is divided by 16?
13
Let t = -64 - -97. Calculate the remainder when t is divided by 7.
5
Suppose -a - 4*v = 16, 13 = 2*a - 3*v + 2*v. Let u = 0 + a. Suppose u*b = -b + 25. What is the remainder when b is divided by 3?
2
Let x be (-2 - -3)/(-1)*-4. Suppose x*y - f = 8*y - 176, -176 = -4*y + 5*f. Calculate the remainder when y is divided by 15.
14
Suppose j - 5*z - 7 = 0, 0 = j + z - 3*z - 7. Suppose 4*m - 93 = j. Calculate the remainder when m is divided by 9.
7
Let x = -9 + 15. Calculate the remainder when 21 is divided by x.
3
Let s(c) = 61*c + 6. Let h(q) = 12*q + 1. Let n(i) = 11*h(i) - 2*s(i). What is the remainder when 18 - (1 - (4 + -4)) is divided by n(1)?
8
Suppose 29*d = 27*d + 156. What is the remainder when d is divided by 20?
18
Let w(b) = b**2 + 3. Let u be w(0). What is the remainder when (u/(-3))/(1/(-12)) is divided by 5?
2
Let g = 36 - 30. Calculate the remainder when 28 is divided by g.
4
Suppose -3*z + 3 = -0, -4*z = 2*i - 52. Let g = i - 9. What is the remainder when 57 is divided b